3*b**2. Let u(g) be the first derivative of h(g). What is the tens digit of u(4)?
1
Let p be (-62 - 0)*(-2)/4. Suppose -v - 63 = -4*v - 4*t, v = 2*t + p. What is the units digit of v?
5
Let p be 55/15*(1 + 2). Let u = p + 0. Suppose 4*s = u*s - 91. What is the tens digit of s?
1
Suppose 2*g + 5*r = 733, -89*r = -91*r - 10. What is the units digit of g?
9
Suppose -o = -i + 99 + 192, 0 = 3*i + 5*o - 913. Let z be 6/15 - i/(-10). What is the units digit of z/4 - 6/12?
7
Let i = 5848 - 3287. What is the tens digit of i?
6
Let m(s) be the first derivative of s**4/2 - 7*s**3/3 + 5*s**2/2 - s - 1. Let v = -1034 + 1038. What is the tens digit of m(v)?
3
Let h(w) = -9*w - 2*w + 6 - 12*w. Let v be h(-2). Let d = 103 - v. What is the units digit of d?
1
Suppose -10615 = -3*c + l + 7150, 0 = -2*c - 2*l + 11838. What is the units digit of c?
1
Let p(s) = 98*s - 275. What is the hundreds digit of p(10)?
7
Let i = -7 + 593. What is the units digit of i?
6
Let v(b) be the first derivative of b**5/120 - b**4/6 - b**3/3 - 2. Let t(d) be the third derivative of v(d). What is the units digit of t(5)?
1
Suppose -a + 15 - 161 = 0. Let q = -98 - a. What is the units digit of q?
8
Let f(q) = 3*q**2 + 32*q - 49. What is the tens digit of f(15)?
0
Let g(m) = -3*m**2 - 12*m - 9. Let y(n) = -5*n**2 - 24*n - 17. Let w(f) = -7*g(f) + 4*y(f). What is the units digit of w(-6)?
3
Let h = -184 - -556. What is the hundreds digit of h?
3
Let p(u) = -2*u**2 - u + 5. Let o = -3 + 6. Let a(x) = 3*x**2 + x - 6. Let v(i) = o*a(i) + 4*p(i). What is the units digit of v(3)?
8
Let c = 199 + -89. What is the tens digit of c?
1
Let w = 0 + 29. Let q = 60 - w. What is the units digit of q?
1
Let r(x) = 11*x**2 - 287*x + 16. What is the hundreds digit of r(28)?
6
Suppose 2*j + 2*j = -2*y, 5*y = -5*j - 5. What is the hundreds digit of (5/y)/((-6)/300)?
1
Let g be -3*5/(-30)*-20. Let t be 1 + 1 - g/(-2). Let n = t + 82. What is the units digit of n?
9
Let j(k) = k**2 - 1. Let p(m) = 4*m**2 + 2*m + 7. Let z(d) = -3*j(d) + p(d). What is the units digit of z(-9)?
3
Suppose 21 = 4*k - 3*d, 5*k - 3*d + 2*d = 18. Suppose 452 = k*r + r. What is the hundreds digit of r?
1
Let v(a) = 115*a + 3. What is the hundreds digit of v(4)?
4
Suppose -5*x = 4*s + s - 15, -6 = -2*s + 3*x. Suppose 0 = -2*c + t + 10, -s*t - 9 = -2*c - c. Let o = c - -34. What is the units digit of o?
1
Let z(d) = 5*d - 92. What is the units digit of z(27)?
3
Let k = -1 - -3. Suppose 0 = -3*i + 82 + 122. Suppose 2*f = -k*f + i. What is the units digit of f?
7
What is the hundreds digit of (-198)/(8 - (-38)/(-4))?
1
Let c = -22 + 25. Suppose -3*z + 0*z = -2*g + 134, -2*z = -c*g + 201. What is the tens digit of g?
6
Suppose -4*t + 0 = -8. Suppose d - 2*n = 3*d + t, 2 = -2*n. Suppose 35 = b + 4*b - 3*u, d = -b + u + 7. What is the units digit of b?
7
What is the units digit of (-1471)/(-3) + 6 + (-38)/6?
0
Suppose -4*l + 6 = -7*l. Let r(m) = -4*m + 4. Let o be r(l). Suppose n - 16 = -o. What is the units digit of n?
4
Suppose 4*x = -q + 9 - 4, 4*q = -5*x + 20. Suppose -14*n + 13 + 57 = 0. Suppose -q = -n*u + 5. What is the units digit of u?
2
Let f(s) be the first derivative of -7*s**2/2 + 4*s - 8. What is the tens digit of f(-5)?
3
Let b = -2628 - -6354. What is the units digit of b?
6
Suppose -5*y - 45 - 35 = 0. Let o = y - -22. What is the units digit of o?
6
Let p = 2967 + -1142. What is the thousands digit of p?
1
Let a = 25 + 20. Suppose -5*i = 5*r + 145, -2*r - 66 = 15*i - 17*i. Let y = r + a. What is the units digit of y?
4
What is the thousands digit of ((-964)/8)/((-4)/72)?
2
Let m(f) be the first derivative of 7*f**3/3 - f**2/2 - 14*f + 6. What is the units digit of m(5)?
6
Let v = 818 + -241. What is the hundreds digit of v?
5
Suppose -g = 4*z - 3, -4*g = -2*g + 10. What is the units digit of (171/76)/(z/8)?
9
Let m(l) = -l - 9. Let n be m(-12). Let a be n/(-5) - 2136/40. Let g = a - -82. What is the tens digit of g?
2
Let n(a) = -10*a**2 - 5*a**2 - 10 + 4*a + a**3 + 22*a**2. Let j be n(-6). Suppose 13 + 13 = j*l. What is the tens digit of l?
1
Suppose 49*m - 47628 - 57379 = 0. What is the units digit of m?
3
Suppose 7*b = -3*z + 2*b + 292, -3*b + 195 = 2*z. Let j = 146 + z. What is the hundreds digit of j?
2
Let q(m) = 214*m**2 - m - 1. What is the units digit of q(-2)?
7
Let u be 98 - (2 + (-3)/1). Let k = u + -56. What is the units digit of k?
3
Let q = -25 - -27. Suppose 0 = 5*f - 3*t - 298, -f - q*t + 46 = -6*t. What is the units digit of f?
2
Suppose 3*u - 15 = 0, -2*s = -4*s - 4*u + 22. What is the units digit of (s + -6 + 4)*-119?
9
Let r(s) = -5*s + 3. Let c be r(-11). Suppose 0 = 5*b + 2*g + 7 + 159, 2*g - 90 = 3*b. Let h = c + b. What is the tens digit of h?
2
Suppose -2*p = 3*p, 0 = 4*t + 5*p - 4. Let r(j) = 2*j**2 + 2 + 14*j + t - 3*j**2. What is the units digit of r(14)?
3
Let l = 3 - 3. Suppose l = 5*m - 545 + 30. Suppose -v = 2*f - 14, -5*v + 2*f = f - m. What is the tens digit of v?
2
Let g = -129 - -146. Suppose 12*f - g*f = -1250. What is the units digit of f?
0
Let z be 1/(-2) - 67/(-2). Let o = -89 + z. What is the units digit of o/(-21)*6/4?
4
Let i = 34 + -29. Suppose -2*a = -10, 2*a + 2*a - 660 = i*y. Let c = -76 - y. What is the tens digit of c?
5
Let u = 21 - 3. Suppose 0 = -k + u - 8. What is the units digit of (148/k)/((-14)/(-35))?
7
Let v(l) = l**2 + 12*l. Let y = -17 + 5. Let s be v(y). Suppose s*i + 6 = 2*i. What is the units digit of i?
3
Suppose 14 = 11*p - 41. Let k(z) = 10*z**2 - 11*z + 21. What is the tens digit of k(p)?
1
Let m = -22 + 10. Let p be (-42)/(-8) + m/(-16). Suppose -132 = 4*y - p*y. What is the tens digit of y?
6
Let i be 0 - -3 - 8*1. Let a be (-1 - -2) + (-25)/i. What is the units digit of 1/a + (-429)/(-18)?
4
Let a = 62 + -57. Suppose -3*q = -4*w - 551, 3*q - a*q - w = -360. What is the hundreds digit of q?
1
Let y = -240 - -409. What is the tens digit of y?
6
Let b be 7/3 + (-2)/6. Suppose 6 = 2*h + b. Let d(y) = y**2 - 3*y + 4. What is the units digit of d(h)?
2
Let q(c) = c**3 - 6*c**2 - c + 10. Let l be q(6). Let i be ((-10)/l)/((-2)/(-12)). Let y = 2 - i. What is the tens digit of y?
1
Let z be -1 + -141 + -3 - -4. Let n = 237 + z. What is the tens digit of n?
9
Let m = -15 + 20. Let h be (5/15)/((-1)/3). Let d = h + m. What is the units digit of d?
4
Suppose h + 14 - 6 = 0. Let r be (2/8)/((-2)/h). Suppose r = t - 7. What is the units digit of t?
8
Let h = 120 - 88. Let n = 71 - h. What is the units digit of n?
9
Suppose -16*c + 6648 = -18*c. What is the hundreds digit of (-3 - (-46)/14) + c/(-28)?
1
What is the units digit of 5845/10 - (-27)/(-18)?
3
Let q(u) = -201*u - 3. Let f(w) = -604*w - 8. Let j(r) = -2*f(r) + 7*q(r). What is the tens digit of j(-1)?
9
Let v(u) = u**3 + 4*u**2 + 4*u - 2. Let q be v(-2). What is the tens digit of 71 + 16/(-20)*5/q?
7
Let o = 2001 + 1130. What is the tens digit of o?
3
What is the units digit of 1204 + 13/((-104)/(-24))?
7
Let f be 4/5*90/4. Suppose -55 = -y - f. What is the units digit of y?
7
Let w(i) be the first derivative of -i**2/2 + 4. Suppose -5*z - 5*g - 75 = 0, -2*z - 3*g = 2*g + 45. What is the tens digit of w(z)?
1
Suppose -5*l = -25, 9 = -5*t + 9*t - 3*l. What is the tens digit of (-65)/2*t*(-2)/10?
3
Let x(g) be the first derivative of -3*g**2/2 - 3*g - 6. Let s be x(-2). Suppose s*i = -5*u + 80, -2*i - 5*u = -i - 30. What is the tens digit of i?
2
Let w be (2/(-4))/((-1)/126). Suppose -5*g + 535 = -5*d, -4*d - w + 150 = g. What is the tens digit of g?
0
Suppose -t + 2212 = 668. What is the tens digit of t?
4
Suppose -3*q + 12 = 2*q - v, 4*v = -4*q. Suppose q*l - 183 = -l. What is the tens digit of l?
6
Let l(g) = -5*g**2 + 5*g + 9. Let a(o) = -16*o**2 + 16*o + 28. Let f(k) = 2*a(k) - 7*l(k). What is the tens digit of f(5)?
5
Suppose -i = -5 - 2. Suppose i + 5 = 2*g. What is the units digit of 5/15 - (-70)/g?
2
Suppose 0 = -9*q + 70 - 7. Suppose 370 = -q*n + 1525. What is the hundreds digit of n?
1
Let d be (-3 + (-1 - -2))/(1/(-23)). Suppose 4*j - 5*h - 92 = 0, -h - d = -2*j + 4*h. What is the units digit of j?
3
Suppose 3*p - 34 = -241. Let f = p + 210. What is the units digit of f?
1
What is the hundreds digit of (-6 + 1)*(-4 + -216)?
1
Suppose 2*x - 40 = -3*b, -4*b + 13 = x - 32. What is the hundreds di